{"id":18,"date":"2025-04-21T11:32:24","date_gmt":"2025-04-21T09:32:24","guid":{"rendered":"https:\/\/baliskis.com\/?page_id=18"},"modified":"2025-04-21T12:43:12","modified_gmt":"2025-04-21T10:43:12","slug":"fest-noz-et-bal-pour-enfants","status":"publish","type":"page","link":"https:\/\/baliskis.com\/?page_id=18","title":{"rendered":"Fest-noz et bal pour enfants"},"content":{"rendered":"\n<figure class=\"wp-block-image aligncenter size-full\"><img loading=\"lazy\" decoding=\"async\" width=\"966\" height=\"439\" src=\"https:\/\/baliskis.com\/wp-content\/uploads\/2025\/04\/Baliskis-\u00a9-Eric-Legret.avif\" alt=\"\" class=\"wp-image-66\"\/><figcaption class=\"wp-element-caption\">Baliskis \u00a9 \u00c9ric Legret<\/figcaption><\/figure>\n\n\n\n<p class=\"has-large-font-size\"><strong>Fest-noz<\/strong><\/p>\n\n\n\n<p>\u200b\u200b\u200bEn fest-noz, Baliskis joue avec plaisir des gavottes de toutes sortes avec des airs de tous les pays : calhanel, brasparts, poher, etc. Mais aucun terroir n&rsquo;est oubli\u00e9 pour autant. Plinn, pourlet, kas ha barh, rid\u00e9e, loud\u00e9ac, valse&#8230; Baliskis em\u00e8ne les danseurs dans un voyage parcourant toute la Bretagne !<\/p>\n\n\n\n<p class=\"has-large-font-size\">\u200b<strong>Festig-noz et bals pour enfant<\/strong><\/p>\n\n\n\n<p>\u200b\u200b\u200bBaliskis propose aussi des\u00a0 ateliers\/festig-noz o\u00f9 les enfants apprennent \u00e0 danser des danses ludiques et simples, adapt\u00e9es \u00e0 leur \u00e2ge. Le r\u00e9pertoire est essentiellement traditionnel et regroupe des danses jeu, des rondes et des danses \u00e0 gestes dans diff\u00e9rentes langues : fran\u00e7ais, breton, anglais et gallois. La dur\u00e9e du bal est adapt\u00e9e \u00e0 l\u2019\u00e2ge des enfants, de 30 min \u00e0 une heure.<\/p>\n","protected":false},"excerpt":{"rendered":"<p>Fest-noz \u200b\u200b\u200bEn fest-noz, Baliskis joue avec plaisir des gavottes de toutes sortes avec des airs de tous les pays : calhanel, brasparts, poher, etc. Mais aucun terroir n&rsquo;est oubli\u00e9 pour autant. Plinn, pourlet, kas ha barh, rid\u00e9e, loud\u00e9ac, valse&#8230; Baliskis em\u00e8ne les danseurs dans un voyage parcourant toute la Bretagne ! \u200bFestig-noz et bals pour [&hellip;]<\/p>\n","protected":false},"author":1,"featured_media":0,"parent":0,"menu_order":5,"comment_status":"closed","ping_status":"closed","template":"","meta":{"footnotes":""},"class_list":["post-18","page","type-page","status-publish","hentry"],"_links":{"self":[{"href":"https:\/\/baliskis.com\/index.php?rest_route=\/wp\/v2\/pages\/18","targetHints":{"allow":["GET"]}}],"collection":[{"href":"https:\/\/baliskis.com\/index.php?rest_route=\/wp\/v2\/pages"}],"about":[{"href":"https:\/\/baliskis.com\/index.php?rest_route=\/wp\/v2\/types\/page"}],"author":[{"embeddable":true,"href":"https:\/\/baliskis.com\/index.php?rest_route=\/wp\/v2\/users\/1"}],"replies":[{"embeddable":true,"href":"https:\/\/baliskis.com\/index.php?rest_route=%2Fwp%2Fv2%2Fcomments&post=18"}],"version-history":[{"count":3,"href":"https:\/\/baliskis.com\/index.php?rest_route=\/wp\/v2\/pages\/18\/revisions"}],"predecessor-version":[{"id":68,"href":"https:\/\/baliskis.com\/index.php?rest_route=\/wp\/v2\/pages\/18\/revisions\/68"}],"wp:attachment":[{"href":"https:\/\/baliskis.com\/index.php?rest_route=%2Fwp%2Fv2%2Fmedia&parent=18"}],"curies":[{"name":"wp","href":"https:\/\/api.w.org\/{rel}","templated":true}]}}